2*c. Is d composite?
True
Let i be (-2570)/6*(4 + -7). Let l = i - 464. Suppose 4*y - l = -73. Is y a prime number?
False
Let k(b) be the second derivative of -31*b**5/10 + 4*b**4/3 + 13*b**3/6 - 2*b**2 + 34*b. Is k(-7) a prime number?
False
Let j = 5583601 + -3520016. Is j prime?
False
Let r(z) = 16*z**2 + 18*z - 40. Let x be r(5). Suppose -x - 265 = -5*y. Is y a prime number?
False
Is 291624 - (7 + 34/(-17)) prime?
True
Let g(i) = 18*i + 54037. Is g(0) a prime number?
True
Let p = 14228 - -25269. Is p prime?
False
Let x = 45658 - 45. Is x prime?
True
Is (5277/2)/(-15*(-3)/90) composite?
True
Let c(k) = 149*k - 30. Let a be c(35). Let j = -2968 + a. Is j composite?
True
Let i(y) = -25*y + 1. Let w be i(-1). Let c = -22 + w. Is (949 - (2 - c)) + 2 composite?
False
Let t(w) = -w**3 - 2*w**2 + 2*w + 8. Let c be t(0). Suppose -c*m + 1878 = -6*m. Suppose 2*g - m = -265. Is g composite?
False
Let n(v) = 477836*v + 41. Let t be n(2). Suppose -25*j - 8*j = -t. Is j prime?
True
Suppose -8*o = -4*o - 16, 15 = s + 4*o. Let d be 10415/10 - s/2. Suppose m + m = d. Is m prime?
True
Suppose -19*j = -14 - 62. Is (j/(-36)*-6)/((-4)/(-1986)) prime?
True
Let n be (16 + -15 - (3 - 0)) + 5. Suppose -3*t - 399 = -m, -2*m = -7*t + 2*t - 796. Suppose 150 + m = n*k. Is k a composite number?
False
Suppose 0 = 26*a - 6551 - 8347. Is a composite?
True
Let k be (47 - 53)*18946/(-4). Suppose 2*p - 7759 = k. Is p a composite number?
False
Let k(q) be the third derivative of 19*q**5/30 + 5*q**4/24 + 5*q**3/3 - 21*q**2. Is k(-3) composite?
False
Suppose 4*u + 35347 = -h + 6*h, -14122 = -2*h - 4*u. Suppose -x + 0*x = -l - h, 2*x - 5*l = 14146. Is x a prime number?
False
Let r = 23740 - 23611. Is r prime?
False
Is (7 - 0) + (-15832464)/(-92) a prime number?
False
Let c(u) = 40034*u + 117. Is c(4) composite?
False
Is 78/(-104)*(529688/(-12) + -2) prime?
True
Suppose i = -4*t + 1679, -5*i + 2095 = t + 4*t. Suppose -r - t = -3601. Is r composite?
False
Let p be 2/(12/3)*(2 - -28). Suppose -p = 30*a - 33*a. Let d(r) = 12*r**2 + 6*r - 11. Is d(a) prime?
False
Suppose -67*y + 85*y - 162 = 0. Suppose y*a - 127053 = -6066. Is a composite?
True
Is 4799861/8 - (-66)/176 composite?
False
Suppose 25*o - 544*o + 256110411 = 0. Is o a composite number?
True
Is 16/((-240)/(-704775)) - -8 a prime number?
True
Let y(c) = c**3 - 12*c**2 + 10*c - 3. Let a be y(-12). Let l = 7172 + a. Is l composite?
False
Let i(b) = -23*b**3 + 5*b**2 - 31*b - 64. Let f(s) = 7*s + 217. Let d be f(-32). Is i(d) a composite number?
False
Let o(i) = 7*i + 3 - 16*i - 23*i + 0. Let d be 11/55*5/2*-4. Is o(d) composite?
False
Let w(c) = -289*c**2 + 31*c + 84. Let n be w(-3). Let g = 3697 + n. Is g a prime number?
True
Suppose 21*k = 22*k - 5. Suppose 4*c - 6060 = 4*o, 2*o - 908 = -k*c + 6653. Is c prime?
False
Suppose 3237157 + 9889442 = 103*b + 2347546. Is b a composite number?
False
Let z(r) = r**3 + 37*r**2 + 81*r + 19. Is z(-22) composite?
True
Suppose 2*i = -3*m - i - 3, 3*i = -3. Suppose m = 3*t + 7 + 11. Is -6646*3/t*(-11 + 12) a prime number?
True
Is (-260067)/(-2)*1134/243 composite?
True
Let m be ((-124308)/48)/(6/(-32)). Is ((-3)/(-2))/((-13794)/m + 1) composite?
False
Is (-20)/(800/(-30)) + (-868690)/(-8) composite?
False
Is (-3)/9 - 340/24*(-722288)/70 a prime number?
False
Let h(d) = 5*d**2 + 7*d - 525. Is h(-74) composite?
True
Let p(x) = 28*x**2 + 16*x + 15. Let a be p(-19). Let f = 21648 - a. Is f composite?
True
Is (9056150/350)/((-1)/(-7)) composite?
False
Suppose -2*n - 3*m = -847654, 5*n - 280*m + 279*m = 2119203. Is n composite?
True
Let g(b) = -1369*b - 90. Let i(c) = 684*c + 43. Let w(a) = 6*g(a) + 13*i(a). Is w(1) a prime number?
False
Let h be (1/(1/(-1)))/((-1)/2). Let q = -2271 - -3260. Suppose 4981 = 5*j + 2*d - 0*d, 0 = -j + h*d + q. Is j prime?
False
Let p(t) = 3*t**2 - 5*t + 7. Let q be p(2). Let s(y) = y**3 - 6*y**2 - 2*y - 22. Let m be s(q). Suppose 4*f = -4, -4*z + 5*f + m = -178. Is z prime?
False
Suppose 4*j - 183 = 1041. Suppose 2*t + 252 = -j. Let i = 686 + t. Is i a composite number?
True
Suppose 44194 = -27*h + 379021. Is h a prime number?
True
Suppose -955958 = -3*p - 4*o + 354701, -4*p = -o - 1747558. Is p prime?
True
Is (-20)/(-4) - 1095332/(-15 + 8) a prime number?
False
Let u(r) = r**3 - 3*r**2 - r + 12. Let j(d) = -3*d**3 + 7*d**2 + d - 24. Let w(o) = -2*j(o) - 5*u(o). Let p be w(0). Is (-1804)/p + (-1)/3 - 1 prime?
True
Let z = 30227 + 44870. Is z a composite number?
True
Suppose 2*l - 3*w - 9323 - 1316 = 0, 10654 = 2*l + 2*w. Let i = l + -2677. Is i composite?
False
Suppose 23916 = 5*s + a, -a = -5*s - 16*a + 23930. Is s composite?
False
Let j(d) = 5623*d**2 - 188*d - 188. Is j(-1) a prime number?
True
Let t(l) = 20*l**2 - 2*l - 1. Let r be (-5)/1 - (-7 - 0). Suppose -r*b = -5*q - 12, -5*q = -4*q + b + 1. Is t(q) composite?
False
Suppose k - 3279 = -2*a, 4*k - 331 = -a + 1305. Let v = a + -387. Is v composite?
True
Let b = -24 - -26. Suppose 4*u - 5 + 2 = 5*r, 2*u + b*r = -12. Is 3 - (628/u)/(3/18) prime?
True
Suppose -3*d + 6 = -3*w, -d = -0*d + 5*w + 28. Let p be (-1)/3 - 985/d. Suppose 0 = -k - 5*x + 114, 0*x + x = -3*k + p. Is k prime?
True
Let n(a) = a**3 + 2*a**2 - a + 7. Let k be n(-3). Let j(t) = 2838*t**3 - 2*t**2 + 8*t - 7. Is j(k) composite?
False
Let d = -37952 - -65379. Is d prime?
True
Let t be (-22)/6 - 38/(-57). Let v(r) = -11512*r + 47. Is v(t) composite?
False
Suppose 1469223 = -12*k + 15*k + 4*l, 5*l - 2448690 = -5*k. Is k prime?
False
Is (-6)/96 + 1315025/16 prime?
True
Suppose 4 = 4*p - 8. Suppose 5*b - 3*s = 15818, 0*s = -p*s - 3. Is b composite?
False
Let x(s) = 94*s**2 - 12*s + 23. Let r(q) = q**2 + 1. Let f(h) = 2*r(h) + x(h). Let u be f(5). Let n = u + -1442. Is n prime?
False
Let a = -37 + 41. Let h be 535 - (-2*a)/2. Is 1*(h + -2 + 4) composite?
False
Suppose 492*u - 10 = 490*u. Suppose -u*p + p - 2*n = -2696, 0 = -2*n + 4. Is p a composite number?
False
Let c(f) = -644*f - 2493. Is c(-29) a composite number?
False
Suppose -16*x = -9*x + 21. Let g be (-79)/(-4)*((x - 1) + 8). Suppose 0 = -0*k - k - 4*r + g, -k = -5*r - 61. Is k a prime number?
True
Suppose 12*y - 16 = 10*y. Suppose 0 = 3*x - 0*x + z - y, 0 = 2*x + 3*z - 3. Suppose 5*w - 3*w + x*k - 5678 = 0, 8483 = 3*w - 4*k. Is w a composite number?
False
Suppose 0 = -a + 5*a - 4, 2*j + 6 = -4*a. Let m(p) = 22*p**2 - 4*p + 3. Is m(j) a prime number?
False
Let m(o) = -o**3 - 12*o**2 - 22*o - 16. Let u be m(-10). Is (u - (-3)/(-1)) + 12892 prime?
True
Let g = -174978 + 268265. Is g a composite number?
False
Let q = 2536 + -2534. Let c(x) = -3*x**3 - 7*x**2 - 2*x - 1. Let p be c(-6). Suppose z - p = -4*a, -q*a + 5*a = 5*z - 2104. Is z composite?
False
Let j be -3 + 2806779/24 - (-7)/(-56). Suppose -t - 3*r = -29254, 10*t = 14*t - 2*r - j. Is t prime?
False
Is (19808/96)/(1/(-3))*-11 prime?
False
Let v(y) be the third derivative of 1507*y**4/12 - 59*y**3/6 + 114*y**2. Is v(2) a composite number?
True
Suppose 0 = 6*i - 241 + 211. Suppose 5414 = n + 5*g, -i*g + 3*g + 10 = 0. Is n a composite number?
True
Let d(y) = 1252*y**2 + 61*y + 30. Is d(13) prime?
True
Let k = 42 + -603. Let a = -298 - k. Is a composite?
False
Let z(k) = 142152*k**2 + 13*k - 14. Is z(1) prime?
True
Suppose 0 = 1222*s - 1267*s + 359685. Is s prime?
True
Let j = 42434 - 19017. Is j a prime number?
True
Suppose 5*c + 2 = -3*h - 0, 0 = 4*h + 4*c. Let u be (-6 + 5)*-2 + h. Suppose -x = 3*a - 0*x - 2604, -a + u*x + 878 = 0. Is a prime?
False
Let l = -158 - -266. Let a = 104 - l. Is 556 - (a - (-15)/5) prime?
True
Let z(c) = 4616*c**2 - 44*c + 61. Is z(-5) composite?
True
Let l(o) = -748*o**2 + 4*o + 8. Let n be l(4). Let a = n + 7894. Let y = a + 8969. Is y composite?
False
Let p(v) = 58*v**3 + v**2 - 13*v + 51. Is p(5) composite?
True
Let d(t) = 2354*t - 2165. Is d(58) composite?
True
Suppose -2*u - 6527 - 2148 = -i, -3*i - 4*u + 25975 = 0. Suppose -5*x - 4*l + 43277 = 0, x + 8*l - i = 12*l. Is x a prime number?
False
Suppose -h = 3*o - 4*o + 404, 2*h - 3*o = -812. Let s = h - -1467. Is s a prime number?
False
Let w(n) = 12*n - 278*n**3 + 10 - 289*n**3 + 566*n**3 + 20*n**2. Suppose j + 0*j = 9. Is w(j) composite?
False
Let h(o) = o**3 + 3*o**2 - 2*o + 5. Let z be h(0). Suppose v + 4*y - 7047 = 0, -v - z*y + 5963 = -1088. Is v